) + s(h). Calculate j(d).
-9
Let b(l) = 2*l - 1. Let q(g) = -g**3 + g**2 + g. Let i be q(1). Suppose 0 = -4*u - 4*a, -4*u = -5*a - 8 - i. Let z be 1 + 0 + u - 4. Give b(z).
-5
Suppose -2*k - 7 = 3*n, -5*k + 5*n + 25 = 80. Let g(u) = -u**2 - 9*u - 4. What is g(k)?
4
Let g(f) = -f + 15. Let q be g(9). Let v(k) = k - 5. Let j be v(q). Let x(n) = -3*n**3 + 2*n - 1. Determine x(j).
-2
Let m(r) = r + 4. Let a be m(-5). Let i(v) = v**2 - 1. Let u(d) = d**3 + 3*d**2 - 3. Let c(h) = -4*i(h) + u(h). Give c(a).
-1
Let v(p) = -6*p - 2. Let f(w) = -2*w - 1. Suppose 3*c = -6*t + 3*t + 42, -20 = -5*c. Let g(y) = t*f(y) - 3*v(y). Determine g(-4).
4
Let z(r) be the first derivative of -r**4/4 - 5*r**3/3 - r**2/2 + 4*r - 35. Let w be (-30)/8 + 1/(-4). Give z(w).
-8
Let v(z) = -z**3 + 7*z**2 - 6*z - 6. Let i(u) = -u**3 - 14*u**2 + 14*u - 11. Let s be i(-15). Let m be s - (12/(-4) - -1). What is v(m)?
-6
Let p(s) be the first derivative of s**2/2 - 11*s - 13. What is p(10)?
-1
Let b(u) = u**3 + u**2 - u + 1. Suppose -5*r + 12 = -2*r. Let p = 4 - r. Calculate b(p).
1
Suppose 0 = -6*l - 18 + 66. Let d(g) = g + 8. Calculate d(l).
16
Suppose 4*c + 3*r - 9 = 0, c + 5 - 12 = 4*r. Let n(q) be the third derivative of q**6/120 - q**5/20 - q**4/12 + q**3/2 + 23*q**2. Calculate n(c).
-3
Let s = 12 + -9. Suppose 5 = o, -16 + 7 = -s*g - 3*o. Let f(b) = -2*b + 2*b - b**2. Give f(g).
-4
Let j(d) = -2*d - 6. Let u = 29 + -34. Calculate j(u).
4
Let v(n) = -3*n**3 - 5*n**2 + 7*n + 2. Let x(w) = -2*w**3 - 6*w**2 + 7*w + 3. Let q(c) = -3*v(c) + 4*x(c). Determine q(8).
-2
Let l be (4/3)/(4/6). Let j be l + (2 - 4) - 2. Let g be (j/2)/((-1)/(-3)). Let f(t) = -t**2 - 2*t - 2. Determine f(g).
-5
Let s(l) = -l**2 + 4*l + 7. Let g = -13 + 18. Give s(g).
2
Let g(v) = 3*v**2 + 8. Let d(j) = -4*j**2 + j - 8. Let l(k) = k - 6. Let h be l(10). Let o(c) = h*d(c) + 5*g(c). What is o(6)?
-4
Suppose 3*c + 12 = 3, 3*b + 3*c = -6. Let a(v) = -1 - 2 + 4 + 0 - 5*v. Determine a(b).
-4
Let w(o) = 6 + o - o**2 - 2 - 4*o + 1. What is w(-5)?
-5
Let t = 2 + -5. Let i = 6 - 4. Let m(u) = -2*u - 4*u + 4*u + 3*u + i. What is m(t)?
-1
Let l = -5 - -7. Let k(n) = 0*n**l + 5*n**2 + n - 4 - n**3 + 0*n**2. Determine k(5).
1
Let m(x) = -5*x**2 + 2*x + 1. Let l(z) = -z - 1. Let b(t) = 2*l(t) + m(t). Let r(a) = a**2 + 4*a + 4. Let u be r(-3). What is b(u)?
-6
Suppose -4*k + 7*k = -15. Let v(w) = -3*w - 5. Calculate v(k).
10
Let f(j) be the first derivative of -j**2/2 - 13. Calculate f(1).
-1
Let z = -9 - -12. Let t(w) be the second derivative of 0 + 1/2*w**z + w**2 + 1/12*w**4 - w. Determine t(-3).
2
Let c(u) = -u - 4. Let a be c(-3). Let k(l) = 8*l - 1. Calculate k(a).
-9
Let k(p) = -p**2 + 7*p - 6. Let u be k(6). Suppose -2*w - 5*c + 2*c = -21, 2*c - 10 = u. Let h(x) = 2 - x**2 - x**2 + 17*x**3 - 18*x**w. Give h(-2).
2
Let n(a) = 4*a**3 + 1 - 5*a**3 + a**2 - a**2 + 4*a**2. Let c be n(4). Let j(l) = -3*l**2 - l. Give j(c).
-4
Suppose 5*i = 6*i - 1. Let z(n) = 0 + n**3 - i + 0*n - n + 3*n**2. What is z(-4)?
-13
Let t(d) = d**3 + 7*d**2 - 6*d + 4. Let u be (-7 + 3)/(2 + (-3)/2). Calculate t(u).
-12
Let r(f) be the third derivative of -1/120*f**6 - 1/6*f**3 + 0 + 4*f**2 + 0*f - 1/8*f**4 - 1/15*f**5. Calculate r(-2).
-3
Let t(x) = 11*x**2 + 5*x + 6. Let z(k) = 10*k**2 + 6*k + 7. Let m(j) = 7*t(j) - 6*z(j). Calculate m(-1).
18
Let l = 8 + -5. Let b(j) = -6 + l*j**2 - j + 5 - 5*j**2 + 3*j**2 - 3*j**3. Let u = -3 + 2. Give b(u).
4
Let r be 2 - (1 - 2)/1. Let n(b) = 7 - 8 - 5*b**3 + 2*b**r + b**2. Let u(s) = -s - 2. Let p be u(-3). Give n(p).
-3
Let x = -96 + 96. Let z(r) = -r**2 - 24. Give z(x).
-24
Let s(i) = 6*i**3 + i**2 + 5*i - 6. Let o(t) = 5*t**3 + t**2 + 4*t - 6. Let w(y) = 5*o(y) - 4*s(y). Calculate w(0).
-6
Let r(t) = 2*t**2 - 11*t + 7*t - 1 + 4*t. Calculate r(-1).
1
Suppose 5*p = c + 4*c + 30, p = 2*c + 11. Suppose -3 = -n, n - 10 + p = -h. Let t(i) = 5 - 3*i + i + 0*i. Give t(h).
-7
Let q = 104 + -107. Let y(c) = -2*c**3 + c + 3*c**3 + 3*c**2 + 0*c**3. Calculate y(q).
-3
Let n(y) = 5*y - 4 + y + 0*y + y**3 - 6*y**2 + 0*y. Determine n(4).
-12
Let a(v) be the first derivative of -1/2*v**2 - 3 + 0*v**4 + 1/30*v**5 + 0*v**3 + 0*v. Let h(g) be the second derivative of a(g). Calculate h(1).
2
Let r(p) = 7*p**3 + 7*p**2 + 7*p - 11. Let g(z) = -3*z - 4*z**3 + z**3 + 5*z**2 + 6 - 8*z**2. Let w(y) = -5*g(y) - 2*r(y). Calculate w(0).
-8
Let r(c) be the third derivative of -c**5/60 - c**4/4 + 7*c**3/6 - 21*c**2. What is r(-5)?
12
Suppose y - 6*y + 26 = 2*g, 4*y + g - 19 = 0. Suppose -5*t - 5*c - 15 = 0, y*c + 1 = 5*t - 2. Let o(a) = a**3 + a**2 - a - 1. What is o(t)?
0
Let o(k) = -k**3 + 2*k**2 + 3*k + 4. Let p be o(3). Suppose -4*x - p + 8 = 0. Let r(s) = -7*s**2 - 2*s + 1. Determine r(x).
-8
Let q(a) = a**2. Let d be q(-2). Let l(x) = -2*x**2 + 4*x - 1. Determine l(d).
-17
Let v be (1/(-2))/((-2)/(-24)). Suppose -w - 1 = 4. Let j = v - w. Let a(i) = -8*i**2 + i + 1. Give a(j).
-8
Let j(z) be the second derivative of -z**4/12 - 5*z**3/6 - 3*z**2/2 - 9*z. Determine j(-5).
-3
Let x(v) = 5*v**3 + 3*v**2 - 2*v + 17. Let f(c) = 3*c**3 + 2*c**2 - c + 11. Let h(k) = 8*f(k) - 5*x(k). Calculate h(3).
-9
Let h = 0 - -7. Let s = 12 - h. Suppose 5 = s*o - 15. Let w(l) = -2*l + 2. Calculate w(o).
-6
Let g = 1 - -8. Suppose 3*i = 6*i - g. Let j(w) = -6*w + 4. What is j(i)?
-14
Let w be 2/4 + (-10)/(-2) + -2. Let t(j) be the first derivative of 0*j - w*j**2 - 3. Determine t(-1).
7
Suppose 0 = 3*v + 2*v. Let b be ((-9)/(-3) - v)/1. Suppose 16 = -b*t + 7*t. Let q(y) = -y**2 + 3*y + 5. What is q(t)?
1
Let d(u) be the first derivative of -u**2 - 3 + 0*u + 1/3*u**3 + 1/4*u**4. Determine d(-2).
0
Let z(v) = 4*v**2 + v + 6. Let y(l) = 11*l**2 + 4*l + 18. Let u(b) = 3*y(b) - 8*z(b). Determine u(-6).
18
Let g(l) = l**3 + l. Let t(n) = n**3 + 3*n**2 - 2. Let k(a) = -2*g(a) + t(a). Calculate k(2).
-2
Let z = 1 - -5. Let p(b) = -b**2 + 7*b + 7. Calculate p(z).
13
Let d(x) be the third derivative of 1/360*x**6 + 0 + 1/6*x**3 + 0*x - 7/120*x**5 - x**2 + 1/4*x**4. Let j(i) be the first derivative of d(i). Give j(4).
-6
Let j(p) be the third derivative of 2/3*p**3 + 0*p - 2*p**2 + 0*p**4 + 1/60*p**5 + 0 + 1/120*p**6. Suppose 3*f = 6, -6 = 3*s - 8*s - 3*f. Determine j(s).
4
Let t(w) be the first derivative of -w**2/2 - 4*w - 6. What is t(-4)?
0
Let o(u) = u**2 + 3*u + 2. Let r(q) = -q**2 + 5*q + 6. Let j be r(5). Let g be 0/(j/(-3)) + -4. Give o(g).
6
Let n = 7 + -8. Let r be n + 2 + (-2 - 0). Let g(v) = 6*v**3. What is g(r)?
-6
Let l = 2 - -2. Suppose s + 7 = 5*b - 6, 0 = l*b - 5*s - 2. Let p(a) = -a**3 + 5*a**2 - 3*a - 2. Calculate p(b).
7
Let c(b) = -b**2 + 5*b + 4. Let d(i) = 5*i**3. Let z be d(1). Suppose l - 26 = z*r, 0*l + 18 = l - 3*r. What is c(l)?
-2
Let z(j) = -2*j**3 + 3*j**2 - 2*j + 2. Let y be z(2). Let o(f) = f - 4. What is o(y)?
-10
Let l(f) = 10*f + 16. Let s(x) = 3*x + 5. Let a(j) = 2*l(j) - 7*s(j). What is a(5)?
-8
Let i(l) = l**3 - 4*l**2 + 4*l - 4. Let r = 22 + -18. Let a = r - 0. Calculate i(a).
12
Let s(u) = 6*u**3 - 5*u**3 + 3*u**2 + 0*u**2 - 12 - 4*u**2. Calculate s(0).
-12
Let x(r) = 2*r - r**2 - 3 + 2*r**2 + r. Suppose -22*t + 8 = -26*t - 4*o, -5*t - 2*o = 16. Calculate x(t).
1
Let m(d) be the second derivative of d**5/20 - d**4/2 + 3*d**2/2 + d. Suppose -21*x + 150 = 24. What is m(x)?
3
Let k(g) be the third derivative of -g**6/120 + g**4/8 - g**3/3 + 9*g**2. Let z = -2 - -4. Determine k(z).
-4
Let r(f) = -f**2 - 8*f - 5. Suppose -2*a - 3*a + 30 = 0. Let h = a + -11. Calculate r(h).
10
Let z = 9 + -9. Let d = z - -7. Let x = d + -10. Let a(w) = -w + 4. What is a(x)?
7
Let c(b) = b**3 + 2*b**2 + 2*b. Suppose 0 = -4*h + 2*v + 12 + 18, -4*v = -3*h + 10. Let q = 1 + -1. Suppose 0 = 5*x - q + h. What is c(x)?
-4
Let i = -56 - -39. Let r = -10 - i. Let s(c) = -r*c + 2*c + 3*c**2 - 2*c**2 + 3. Give s(3).
-3
Let k = 2 + 0. Let s = -11 - -14. Let m be (s - 3)/(k + -1). Let h(c) = c**2 - c - 9. Give h(m).
-9
Suppose 0*i + 4*i = 0. Let q(c) = -1. Let k(f) = -f - 7. Let d(w) = -k(w) + 6*q(w). Determine d(i).
1
Let b(q) = -2*q**3 + 3*q**2 - q. Suppose 2*k + 4*w = -12, 5*k - 3*w + w - 18 = 0. Calculate b(k).
-6
Let g be (-1)/2 - 5/(-2). Let p(r) = -7*r - 3*r + g*r. Calculate p(-1).
8
Let v(x) be the second derivative of x**4/12 - 4*x**3